{"id":303,"date":"2018-07-15T21:37:24","date_gmt":"2018-07-15T21:37:24","guid":{"rendered":"http:\/\/feuerwehr-sindelsdorf.de\/?page_id=303"},"modified":"2018-07-15T22:21:10","modified_gmt":"2018-07-15T22:21:10","slug":"datenschutz","status":"publish","type":"page","link":"https:\/\/feuerwehr-sindelsdorf.de\/?page_id=303","title":{"rendered":"Datenschutz"},"content":{"rendered":"<p>&nbsp;<\/p>\n<h1 style=\"text-align: center;\"><strong>Datenschutzerkl\u00e4rung<\/strong><\/h1>\n<p>&nbsp;<\/p>\n<h4>Grundlegendes<\/h4>\n<p>Diese Datenschutzerkl\u00e4rung soll die Nutzer dieser Website \u00fcber die Art, den Umfang und den Zweck der Erhebung und Verwendung personenbezogener Daten durch den Websitebetreiber Freiwillige Feuerwehr Sindelsdorf e.V. informieren.<\/p>\n<p>Der Websitebetreiber nimmt Ihren Datenschutz sehr ernst und behandelt Ihre personenbezogenen Daten vertraulich und entsprechend der gesetzlichen Vorschriften. Da durch neue Technologien und die st\u00e4ndige Weiterentwicklung dieser Webseite \u00c4nderungen an dieser Datenschutzerkl\u00e4rung vorgenommen werden k\u00f6nnen, empfehlen wir Ihnen sich die Datenschutzerkl\u00e4rung in regelm\u00e4\u00dfigen Abst\u00e4nden wieder durchzulesen.<\/p>\n<p>Definitionen der verwendeten Begriffe (z.B. \u201cpersonenbezogene Daten\u201d oder \u201cVerarbeitung\u201d) finden Sie in Art. 4 DSGVO.<\/p>\n<p>Die Server und Webdienste zu dieser Homepage werden durch die Strato AG zur Verf\u00fcgung gestellt. Siehe f\u00fcr weiter Infos zum Datenschutz: <a href=\"https:\/\/strato.de\/blog\/dsgvo\">https:\/\/strato.de\/blog\/dsgvo<\/a><\/p>\n<p>&nbsp;<\/p>\n<h4>Zugriffsdaten<\/h4>\n<p>Wir, der Websitebetreiber bzw. Seitenprovider, erheben aufgrund unseres berechtigten Interesses (s. Art. 6 Abs. 1 lit. f. DSGVO) Daten \u00fcber Zugriffe auf die Website und speichern diese als \u201eServer-Logfiles\u201c auf dem Server der Website ab. Folgende Daten werden so protokolliert:<\/p>\n<ul>\n<li>Besuchte Website<\/li>\n<li>Uhrzeit zum Zeitpunkt des Zugriffes<\/li>\n<li>Menge der gesendeten Daten in Byte<\/li>\n<li>Quelle\/Verweis, von welchem Sie auf die Seite gelangten<\/li>\n<li>Verwendeter Browser<\/li>\n<li>Verwendetes Betriebssystem<\/li>\n<li>Verwendete IP-Adresse<\/li>\n<\/ul>\n<p>Die Server-Logfiles werden f\u00fcr maximal 7 Tage gespeichert und anschlie\u00dfend gel\u00f6scht. Die Speicherung der Daten erfolgt aus Sicherheitsgr\u00fcnden, um z. B. Missbrauchsf\u00e4lle aufkl\u00e4ren zu k\u00f6nnen. M\u00fcssen Daten aus Beweisgr\u00fcnden aufgehoben werden, sind sie solange von der L\u00f6schung ausgenommen bis der Vorfall endg\u00fcltig gekl\u00e4rt ist.<\/p>\n<p>Diese Daten werden nur ggf. durch den Serverprovider benutzt, durch den Betreiber der Homepage, die Freiwillige Feuerwehr Sindelsdorf e.V. werden diese Daten nicht ausgewertet.<\/p>\n<p>&nbsp;<\/p>\n<h4>Reichweitenmessung &amp; Cookies<\/h4>\n<p>Diese Homepage verwendet keine Cookies.<\/p>\n<p>&nbsp;<\/p>\n<h4><strong>Umgang mit Kontaktdaten<\/strong><\/h4>\n<p>Nehmen Sie mit uns als Websitebetreiber durch die angebotenen Kontaktm\u00f6glichkeiten Verbindung auf, werden Ihre Angaben gespeichert, damit auf diese zur Bearbeitung und Beantwortung Ihrer Anfrage zur\u00fcckgegriffen werden kann. Ohne Ihre Einwilligung werden diese Daten nicht an Dritte weitergegeben.<\/p>\n<p>&nbsp;<\/p>\n<h4><strong>Umgang mit Kommentaren und Beitr\u00e4gen<\/strong><\/h4>\n<p>Es besteht auf dieser Homepage keine M\u00f6glichkeit Kommentaren und Beitr\u00e4gen zu hinterlassen.<\/p>\n<p>&nbsp;<\/p>\n<h4><strong>Google Analytics<\/strong><\/h4>\n<p>Diese Homepage nutzt kein Google Analytics.<\/p>\n<p><strong>\u00a0<\/strong><\/p>\n<h4><strong>Nutzung von Social-Media-Plugins von Facebook<\/strong><\/h4>\n<p>Diese Homepage nutzt keine Social-Media-Plugins.<\/p>\n<p>&nbsp;<\/p>\n<h4><strong>Newsletter-Abonnement<\/strong><\/h4>\n<p>Diese Homepage bietet keinen Newsletter an.<\/p>\n<p>&nbsp;<\/p>\n<h4><strong>Rechte des Nutzers<\/strong><\/h4>\n<p>Sie haben als Nutzer das Recht, auf Antrag eine kostenlose Auskunft dar\u00fcber zu erhalten, welche personenbezogenen Daten \u00fcber Sie gespeichert wurden. Sie haben au\u00dferdem das Recht auf Berichtigung falscher Daten und auf die Verarbeitungseinschr\u00e4nkung oder L\u00f6schung Ihrer personenbezogenen Daten. Falls zutreffend, k\u00f6nnen Sie auch Ihr Recht auf Datenportabilit\u00e4t geltend machen. Sollten Sie annehmen, dass Ihre Daten unrechtm\u00e4\u00dfig verarbeitet wurden, k\u00f6nnen Sie eine Beschwerde bei der zust\u00e4ndigen Aufsichtsbeh\u00f6rde einreichen.<\/p>\n<p>&nbsp;<\/p>\n<h4><strong>L\u00f6schung von Daten<\/strong><\/h4>\n<p>Sofern Ihr Wunsch nicht mit einer gesetzlichen Pflicht zur Aufbewahrung von Daten (z. B. Vorratsdatenspeicherung) kollidiert, haben Sie ein Anrecht auf L\u00f6schung Ihrer Daten. Von uns gespeicherte Daten werden, sollten sie f\u00fcr ihre Zweckbestimmung nicht mehr vonn\u00f6ten sein und es keine gesetzlichen Aufbewahrungsfristen geben, gel\u00f6scht. Falls eine L\u00f6schung nicht durchgef\u00fchrt werden kann, da die Daten f\u00fcr zul\u00e4ssige gesetzliche Zwecke erforderlich sind, erfolgt eine Einschr\u00e4nkung der Datenverarbeitung. In diesem Fall werden die Daten gesperrt und nicht f\u00fcr andere Zwecke verarbeitet.<\/p>\n<p>&nbsp;<\/p>\n<h4>Widerspruchsrecht<\/h4>\n<p>Nutzer dieser Webseite k\u00f6nnen von ihrem Widerspruchsrecht Gebrauch machen und der Verarbeitung ihrer personenbezogenen Daten zu jeder Zeit widersprechen.<\/p>\n<p>Wenn Sie eine Berichtigung, Sperrung, L\u00f6schung oder Auskunft \u00fcber die zu Ihrer Person gespeicherten personenbezogenen Daten w\u00fcnschen oder Fragen bzgl. der Erhebung, Verarbeitung oder Verwendung Ihrer personenbezogenen Daten haben oder erteilte Einwilligungen widerrufen m\u00f6chten, wenden Sie sich bitte an folgende E-Mail-Adresse:<\/p>\n<p><img loading=\"lazy\" class=\"size-full wp-image-68 aligncenter\" src=\"http:\/\/feuerwehr-sindelsdorf.de\/wp-content\/uploads\/2016\/11\/email.jpg\" alt=\"\" width=\"399\" height=\"51\" srcset=\"https:\/\/feuerwehr-sindelsdorf.de\/wp-content\/uploads\/2016\/11\/email.jpg 399w, https:\/\/feuerwehr-sindelsdorf.de\/wp-content\/uploads\/2016\/11\/email-300x38.jpg 300w\" sizes=\"(max-width: 399px) 100vw, 399px\" \/><\/p>\n<p>Diese Datenschutzerkl\u00e4rung wurde auf Grundlage einer Mustererkl\u00e4rung erstellt wechle von Datenschutz.org (https:\/\/www.datenschutz.org\/) zur verf\u00fcgung gestellt wurde.<\/p>\n<p>&nbsp;<\/p>\n","protected":false},"excerpt":{"rendered":"<div class=\"mh-excerpt\"><p>&nbsp; Datenschutzerkl\u00e4rung &nbsp; Grundlegendes Diese Datenschutzerkl\u00e4rung soll die Nutzer dieser Website \u00fcber die Art, den Umfang und den Zweck der Erhebung und Verwendung personenbezogener Daten <a class=\"mh-excerpt-more\" href=\"https:\/\/feuerwehr-sindelsdorf.de\/?page_id=303\" title=\"Datenschutz\">[&#8230;]<\/a><\/p>\n<\/div>","protected":false},"author":1,"featured_media":0,"parent":0,"menu_order":8,"comment_status":"closed","ping_status":"closed","template":"template-full.php","meta":[],"_links":{"self":[{"href":"https:\/\/feuerwehr-sindelsdorf.de\/index.php?rest_route=\/wp\/v2\/pages\/303"}],"collection":[{"href":"https:\/\/feuerwehr-sindelsdorf.de\/index.php?rest_route=\/wp\/v2\/pages"}],"about":[{"href":"https:\/\/feuerwehr-sindelsdorf.de\/index.php?rest_route=\/wp\/v2\/types\/page"}],"author":[{"embeddable":true,"href":"https:\/\/feuerwehr-sindelsdorf.de\/index.php?rest_route=\/wp\/v2\/users\/1"}],"replies":[{"embeddable":true,"href":"https:\/\/feuerwehr-sindelsdorf.de\/index.php?rest_route=%2Fwp%2Fv2%2Fcomments&post=303"}],"version-history":[{"count":9,"href":"https:\/\/feuerwehr-sindelsdorf.de\/index.php?rest_route=\/wp\/v2\/pages\/303\/revisions"}],"predecessor-version":[{"id":313,"href":"https:\/\/feuerwehr-sindelsdorf.de\/index.php?rest_route=\/wp\/v2\/pages\/303\/revisions\/313"}],"wp:attachment":[{"href":"https:\/\/feuerwehr-sindelsdorf.de\/index.php?rest_route=%2Fwp%2Fv2%2Fmedia&parent=303"}],"curies":[{"name":"wp","href":"https:\/\/api.w.org\/{rel}","templated":true}]}}