{"id":6,"date":"2016-11-24T17:31:05","date_gmt":"2016-11-24T17:31:05","guid":{"rendered":"http:\/\/feuerwehr-sindelsdorf.de\/?page_id=6"},"modified":"2019-12-29T15:04:32","modified_gmt":"2019-12-29T15:04:32","slug":"ein-kleiner-test","status":"publish","type":"page","link":"https:\/\/feuerwehr-sindelsdorf.de\/?page_id=6","title":{"rendered":"Die aktive Wehr"},"content":{"rendered":"<p>Die Freiwillige Feuerwehr besteht aus 64 aktiven Mitgliedern, davon sind 9 Feuerwehranw\u00e4rter.<\/p>\n<p>1. Kommandant: Gerhard \u00d6ttl<\/p>\n<p>2. Kommandant: Christian Klinger<\/p>\n<p>Jugendwarte: Toni H\u00f6pfl, Moritz Bader<\/p>\n<p>(Stand Dez. 2019)<\/p>\n","protected":false},"excerpt":{"rendered":"<div class=\"mh-excerpt\"><p>Die Freiwillige Feuerwehr besteht aus 64 aktiven Mitgliedern, davon sind 9 Feuerwehranw\u00e4rter. 1. Kommandant: Gerhard \u00d6ttl 2. Kommandant: Christian Klinger Jugendwarte: Toni H\u00f6pfl, Moritz Bader <a class=\"mh-excerpt-more\" href=\"https:\/\/feuerwehr-sindelsdorf.de\/?page_id=6\" title=\"Die aktive Wehr\">[&#8230;]<\/a><\/p>\n<\/div>","protected":false},"author":1,"featured_media":0,"parent":0,"menu_order":1,"comment_status":"closed","ping_status":"closed","template":"template-full.php","meta":[],"_links":{"self":[{"href":"https:\/\/feuerwehr-sindelsdorf.de\/index.php?rest_route=\/wp\/v2\/pages\/6"}],"collection":[{"href":"https:\/\/feuerwehr-sindelsdorf.de\/index.php?rest_route=\/wp\/v2\/pages"}],"about":[{"href":"https:\/\/feuerwehr-sindelsdorf.de\/index.php?rest_route=\/wp\/v2\/types\/page"}],"author":[{"embeddable":true,"href":"https:\/\/feuerwehr-sindelsdorf.de\/index.php?rest_route=\/wp\/v2\/users\/1"}],"replies":[{"embeddable":true,"href":"https:\/\/feuerwehr-sindelsdorf.de\/index.php?rest_route=%2Fwp%2Fv2%2Fcomments&post=6"}],"version-history":[{"count":34,"href":"https:\/\/feuerwehr-sindelsdorf.de\/index.php?rest_route=\/wp\/v2\/pages\/6\/revisions"}],"predecessor-version":[{"id":447,"href":"https:\/\/feuerwehr-sindelsdorf.de\/index.php?rest_route=\/wp\/v2\/pages\/6\/revisions\/447"}],"wp:attachment":[{"href":"https:\/\/feuerwehr-sindelsdorf.de\/index.php?rest_route=%2Fwp%2Fv2%2Fmedia&parent=6"}],"curies":[{"name":"wp","href":"https:\/\/api.w.org\/{rel}","templated":true}]}}